ase 14, what is b46 - -2d70?
3ab6
In base 7, what is -30320030 + -4?
-30320034
In base 12, what is a2 - 254?
-172
In base 16, what is 2 + -1f757fa?
-1f757f8
In base 8, what is -2432 + -762041?
-764473
In base 7, what is 143 + -35025551?
-35025405
In base 7, what is 32 - 111256461?
-111256426
In base 6, what is 1 - 12411240?
-12411235
In base 11, what is 23 - 13004948?
-13004925
In base 10, what is 44 - -5013923?
5013967
In base 8, what is -100356 - 4513?
-105071
In base 12, what is -1 + 19b128?
19b127
In base 4, what is 302222133 - -212?
302223011
In base 7, what is -1 - -543450656?
543450655
In base 3, what is 112101222101121 - -1120?
112101222110011
In base 3, what is 20121000210 - -10110?
20121011020
In base 12, what is 9298 - -19b22?
271ba
In base 9, what is 1306363 - 304?
1306058
In base 6, what is 1 + -5543350022?
-5543350021
In base 10, what is 1 + -4106871?
-4106870
In base 12, what is 11 - 40857?
-40846
In base 8, what is -1116045 - 46?
-1116113
In base 16, what is 2d980 - -32d?
2dcad
In base 11, what is -2 - 24648462?
-24648464
In base 12, what is -43 + -4a7353?
-4a7396
In base 15, what is 202c9 + -428?
1eda1
In base 2, what is 100111111000010100 - -10011010?
100111111010101110
In base 11, what is -50 + 51111?
51071
In base 14, what is 46856 - -a0?
46916
In base 12, what is 1 - -49155?
49156
In base 6, what is -31502 - 3212?
-35114
In base 10, what is -84831 - 1420?
-86251
In base 12, what is 0 + 249b893?
249b893
In base 10, what is 158294 + 117?
158411
In base 12, what is -a24891 - 0?
-a24891
In base 10, what is 4815738 - -25?
4815763
In base 5, what is -102024 + 20104430?
20002401
In base 4, what is 2 - 10001133321?
-10001133313
In base 16, what is 4 + 5a641d?
5a6421
In base 3, what is 10 + -122201210010110?
-122201210010100
In base 6, what is 1103410433 + 2?
1103410435
In base 14, what is -95 - -73508?
73453
In base 6, what is -30450005013 - -5?
-30450005004
In base 2, what is -111010 - -100101011111010100?
100101011110011010
In base 6, what is 12055 - -134525?
151024
In base 2, what is -1010111111000000 + 11110?
-1010111110100010
In base 4, what is -10 + 220333022?
220333012
In base 15, what is 1c0cc2 + 2d?
1c0d00
In base 2, what is 100 - 1011100001111111100111?
-1011100001111111100011
In base 10, what is 3194 - -118325?
121519
In base 13, what is 10 - -1456b90?
1456ba0
In base 10, what is 29 + -390391?
-390362
In base 11, what is 1912992 + 79?
1912a60
In base 8, what is -3 - -6641136?
6641133
In base 13, what is 22 - 759173?
-759151
In base 13, what is -10 + 222b725?
222b715
In base 9, what is -1350138 + 60?
-1350068
In base 2, what is -101001010 - -1100111100001100000?
1100111011100010110
In base 16, what is -daa33 - 4?
-daa37
In base 6, what is 0 + -1422535100?
-1422535100
In base 15, what is -2c - -2286dc?
2286b0
In base 3, what is -201011011210000001 + 1?
-201011011210000000
In base 15, what is -1a96e6 - -35?
-1a96b1
In base 6, what is -124125245552 + 4?
-124125245544
In base 9, what is -113218 + 8841?
-103267
In base 6, what is -4 - 115103532?
-115103540
In base 12, what is -910b9 + -18?
-91115
In base 13, what is 0 - -58cb08?
58cb08
In base 6, what is 3 + 1000241222?
1000241225
In base 12, what is -b668 - -b84?
-a6a4
In base 14, what is -b1a6ac4 + 0?
-b1a6ac4
In base 16, what is -646 + -19b?
-7e1
In base 5, what is 331 - -413342400?
413343231
In base 5, what is -44 - -12030021?
12024422
In base 15, what is -334799 - -1b?
-33477d
In base 11, what is 16 - 2844294?
-2844279
In base 7, what is -425342 + 40?
-425302
In base 15, what is -40643b + -13?
-40644e
In base 6, what is 14511 - 125203?
-110252
In base 8, what is -3062 - 2531?
-5613
In base 2, what is 1010100100110101100110100 + 11?
1010100100110101100110111
In base 10, what is 23 - 784523?
-784500
In base 4, what is -10 - -1133123311333?
1133123311323
In base 13, what is -2 + -1629291?
-1629293
In base 12, what is 426 + -4439b?
-43b75
In base 15, what is -2a823 + -5e?
-2a882
In base 7, what is 131506025 - 14?
131506011
In base 7, what is -126413 - 26026?
-155442
In base 13, what is b + -144c13a?
-144c12c
In base 5, what is 112 + -1404342?
-1404230
In base 4, what is 11 - 313211301212?
-313211301201
In base 4, what is 2 + 12113131311?
12113131313
In base 2, what is -101001011100111111001 - -1000010?
-101001011100110110111
In base 13, what is -1 - -37672b9?
37672b8
In base 5, what is -130444 - -10022431?
4341432
In base 13, what is -167 + 666508?
666371
In base 6, what is -22454 - 21013?
-43511
In base 15, what is 255228 - 1e?
255209
In base 8, what is 11443 + -44021?
-32356
In base 12, what is -96107219 - 2?
-9610721b
In base 8, what is 301662 - -3304?
305166
In base 6, what is 230251441 + -1?
230251440
In base 6, what is -1210334 - 1243?
-1212021
In base 11, what is -90418 + 182?
-90246
In base 11, what is -46511 - 23?
-46534
In base 11, what is -19387270 + -6?
-19387276
In base 14, what is 1501c1 - -259?
15043a
In base 14, what is 1778 + 223c?
39b6
In base 12, what is 13 - -64794?
647a7
In base 4, what is -2020032201 + -1333?
-2020100200
In base 11, what is 106 - 3718?
-3612
In base 10, what is 95527 - -586?
96113
In base 6, what is -451524552 + -3?
-451524555
In base 2, what is -10100111000001100111001000 + 1011?
-10100111000001100110111101
In base 7, what is -5630 - 120651?
-126611
In base 5, what is 110012444413 - -10?
110012444423
In base 4, what is 300113310 + 33022?
300212332
In base 6, what is 130055 - -30245?
200344
In base 9, what is 28418122 - -2?
28418124
In base 7, what is 3 + 56465264?
56465300
In base 3, what is -10212221 - -1000210211?
212220220
In base 13, what is 290c321b + 1?
290c321c
In base 14, what is -31c0 + 1047?
-2177
In base 6, what is 3342104 - -2305?
3344413
In base 15, what is 4994 + -6c55?
-22b1
In base 4, what is -21312302203 - 1?
-21312302210
In base 2, what is -110010001111101111000010001 + 1?
-110010001111101111000010000
In base 9, what is -63 - -768020?
767846
In base 5, what is 32 + 14334042101?
14334042133
In base 14, what is -38c795 + -6?
-38c79b
In base 10, what is -1 + -4372957?
-4372958
In base 4, what is -31100200 + -202200?
-31303000
In base 9, what is 25326856 - -12?
25326868
In base 3, what is 10012211020 + -1021111?
10011112202
In base 12, what is 1b1 + -504?
-313
In base 14, what is -185959 - 53?
-1859ac
In base 4, what is -21 - -3313303011?
3313302330
In base 14, what is 4 - -212a4cb6?
212a4cba
In base 6, what is -44333 + -2425?
-51202
In base 2, what is -111101010100100 - 1011011000?
-111110101111100
In base 15, what is -a + -94b43?
-94b4d
In base 11, what is 266 - 403461?
-4031a6
In base 4, what is 3310 - 20131023?
-20121113
In base 16, what is -69 + -20e12?
-20e7b
In base 10, what is 888087963 - 5?
888087958
In base 6, what is 323514 - -4141?
332055
In base 7, what is -10613364 - -10?
-10613354
In base 3, what is -121120021 + -120001?
-122010022
In base 12, what is b46b7 - -1682?
b6179
In base 4, what is -10222101102 - 1001?
-10222102103
In base 16, what is -b - -59607?
595fc
In base 9, what is 175087 + 126?
175224
In base 11, what is 19 - -7a417?
7a435
In base 11, what is 489 - -23790?
24169
In base 11, what is -3 + -6605823?
-6605826
In base 12, what is 8 - a83b03?
-a83ab7
In base 10, what is 456281630 + -3?
456281627
In base 10, what is 59 - 384076?
-384017
In base 3, what is 120101 - 212202?
-22101
In base 2, what is 101 + 11001010110011001011100011?
11001010110011001011101000
In base 14, what is 12ba2 - -a97?
13859
In base 13, what is 15 + -2224206?
-22241c1
In base 13, what is -32 - 61374?
-613a6
In base 9, what is -448347136 - -5?
-448347131
In base 11, what is -2 - 3110193?
-3110195
In base 7, what is 21 - -54103421?
54103442
In base 11, what is 24184181 - -13?
24184194
In base 16, what is 6 + 174673?
174679
In base 7, what is 14 + -22124606?
-22124562
In base 7, what is 35 + -1114136?
-1114101
In base 13, what is 4 + 11a8008?
11a800c
In base 8, what is 0 + 637637347?
637637347
In base 9, what is 6 - 6372654?
-6372647
In base 5, what is 4211302224 - -300?
4211303024
In base 7, what is 3121562 + 2525?
3124420
In base 11, what is -4561605 + 20?
-4561595
In base 6, what is 5430 - 4212?
1214
In base 16, what is 57ac6 + 23?
57ae9
In base 15, what is 8e5 - 1708?
-d13
In base 13, what is -299a077c + 1?
-299a077b
In